, 3, 7, 29
List the prime factors of 26108.
2, 61, 107
List the prime factors of 23280.
2, 3, 5, 97
List the prime factors of 2446.
2, 1223
What are the prime factors of 1642?
2, 821
What are the prime factors of 79997?
79997
What are the prime factors of 3351?
3, 1117
List the prime factors of 240.
2, 3, 5
List the prime factors of 2485.
5, 7, 71
List the prime factors of 15651.
3, 37, 47
List the prime factors of 25395.
3, 5, 1693
What are the prime factors of 9518?
2, 4759
What are the prime factors of 1372?
2, 7
List the prime factors of 32648.
2, 7, 11, 53
What are the prime factors of 8121?
3, 2707
What are the prime factors of 7465?
5, 1493
What are the prime factors of 57471?
3, 19157
What are the prime factors of 3179?
11, 17
What are the prime factors of 761?
761
What are the prime factors of 5005?
5, 7, 11, 13
What are the prime factors of 44051?
7, 29, 31
What are the prime factors of 20215?
5, 13, 311
What are the prime factors of 74829?
3, 24943
List the prime factors of 12864.
2, 3, 67
List the prime factors of 13487.
13487
List the prime factors of 8530.
2, 5, 853
What are the prime factors of 849?
3, 283
What are the prime factors of 17160?
2, 3, 5, 11, 13
List the prime factors of 1144.
2, 11, 13
What are the prime factors of 1803?
3, 601
What are the prime factors of 1019?
1019
List the prime factors of 56371.
7, 8053
What are the prime factors of 5182?
2, 2591
List the prime factors of 3172.
2, 13, 61
What are the prime factors of 93950?
2, 5, 1879
What are the prime factors of 3515?
5, 19, 37
List the prime factors of 33782.
2, 7, 19, 127
What are the prime factors of 623?
7, 89
List the prime factors of 1077.
3, 359
List the prime factors of 4731.
3, 19, 83
List the prime factors of 393.
3, 131
List the prime factors of 1787.
1787
List the prime factors of 141022.
2, 7, 1439
What are the prime factors of 62571?
3, 20857
What are the prime factors of 199?
199
List the prime factors of 115300.
2, 5, 1153
What are the prime factors of 16129?
127
List the prime factors of 348.
2, 3, 29
What are the prime factors of 778?
2, 389
What are the prime factors of 372?
2, 3, 31
What are the prime factors of 6519?
3, 41, 53
List the prime factors of 1471.
1471
What are the prime factors of 944?
2, 59
List the prime factors of 796.
2, 199
What are the prime factors of 27100?
2, 5, 271
What are the prime factors of 25104?
2, 3, 523
List the prime factors of 37029.
3, 12343
List the prime factors of 18280.
2, 5, 457
What are the prime factors of 7926?
2, 3, 1321
List the prime factors of 1286.
2, 643
List the prime factors of 1352.
2, 13
List the prime factors of 2215.
5, 443
List the prime factors of 26916.
2, 3, 2243
What are the prime factors of 23621?
13, 23, 79
List the prime factors of 851.
23, 37
What are the prime factors of 4808?
2, 601
List the prime factors of 54714.
2, 3, 11, 829
List the prime factors of 20087.
53, 379
List the prime factors of 26415.
3, 5, 587
List the prime factors of 1603.
7, 229
What are the prime factors of 1237?
1237
What are the prime factors of 1404?
2, 3, 13
List the prime factors of 3104.
2, 97
What are the prime factors of 46037?
19, 2423
What are the prime factors of 276?
2, 3, 23
What are the prime factors of 14111?
103, 137
What are the prime factors of 176?
2, 11
What are the prime factors of 13397?
13397
List the prime factors of 247.
13, 19
What are the prime factors of 2983?
19, 157
What are the prime factors of 227?
227
What are the prime factors of 2421?
3, 269
List the prime factors of 41654.
2, 59, 353
What are the prime factors of 3917?
3917
What are the prime factors of 72694?
2, 19, 1913
List the prime factors of 3681.
3, 409
List the prime factors of 16386.
2, 3, 2731
List the prime factors of 2496.
2, 3, 13
List the prime factors of 3864.
2, 3, 7, 23
List the prime factors of 15322.
2, 47, 163
List the prime factors of 2248.
2, 281
What are the prime factors of 1468?
2, 367
What are the prime factors of 15152?
2, 947
What are the prime factors of 1833?
3, 13, 47
What are the prime factors of 54308?
2, 13577
What are the prime factors of 111980?
2, 5, 11, 509
What are the prime factors of 73?
73
What are the prime factors of 33?
3, 11
List the prime factors of 69948.
2, 3, 29, 67
List the prime factors of 1519.
7, 31
List the prime factors of 3557.
3557
What are the prime factors of 3810?
2, 3, 5, 127
What are the prime factors of 9722?
2, 4861
List the prime factors of 2683.
2683
What are the prime factors of 39735?
3, 5, 883
List the prime factors of 11514.
2, 3, 19, 101
What are the prime factors of 2444?
2, 13, 47
What are the prime factors of 9628?
2, 29, 83
List the prime factors of 5456.
2, 11, 31
List the prime factors of 1272.
2, 3, 53
List the prime factors of 57441.
3, 41, 467
What are the prime factors of 29529?
3, 17, 193
What are the prime factors of 8475?
3, 5, 113
List the prime factors of 88319.
7, 11, 31, 37
List the prime factors of 42551.
17, 2503
What are the prime factors of 146?
2, 73
What are the prime factors of 34450?
2, 5, 13, 53
List the prime factors of 5147.
5147
List the prime factors of 8290.
2, 5, 829
What are the prime factors of 6556?
2, 11, 149
What are the prime factors of 92?
2, 23
List the prime factors of 7653.
3, 2551
What are the prime factors of 16731?
3, 11, 13
What are the prime factors of 10027?
37, 271
List the prime factors of 19651.
43, 457
What are the prime factors of 4794?
2, 3, 17, 47
List the prime factors of 1250.
2, 5
What are the prime factors of 15111?
3, 23, 73
What are the prime factors of 5229?
3, 7, 83
What are the prime factors of 86519?
241, 359
List the prime factors of 57130.
2, 5, 29, 197
What are the prime factors of 1330?
2, 5, 7, 19
What are the prime factors of 13849?
11, 1259
What are the prime factors of 8895?
3, 5, 593
List the prime factors of 9501.
3, 3167
List the prime factors of 26674.
2, 13337
What are the prime factors of 574?
2, 7, 41
What are the prime factors of 1965?
3, 5, 131
List the prime factors of 265.
5, 53
What are the prime factors of 3212?
2, 11, 73
List the prime factors of 45028.
2, 11257
What are the prime factors of 23764?
2, 13, 457
List the prime factors of 27857.
89, 313
List the prime factors of 1905.
3, 5, 127
What are the prime factors of 1685?
5, 337
What are the prime factors of 17630?
2, 5, 41, 43
List the prime factors of 61503.
3, 13, 19, 83
List the prime factors of 1209.
3, 13, 31
List the prime factors of 8952.
2, 3, 373
What are the prime factors of 14720?
2, 5, 23
What are the prime factors of 6810?
2, 3, 5, 227
List the prime factors of 103583.
103583
List the prime factors of 187.
11, 17
What are the prime factors of 5827?
5827
List the prime factors of 24277.
11, 2207
What are the prime factors of 654?
2, 3, 109
What are the prime factors of 11562?
2, 3, 41, 47
What are the prime factors of 1608?
2, 3, 67
List the prime factors of 3674.
2, 11, 167
What are the prime factors of 1364?
2, 11, 31
List the prime factors of 3127.
53, 59
What are the prime factors of 676?
2, 13
What are the prime factors of 1013?
1013
What are the prime factors of 99241?
99241
What are the prime factors of 9279?
3, 1031
List the prime factors of 89762.
2, 37, 1213
List the prime factors of 2295.
3, 5, 17
List the prime factors of 5166.
2, 3, 7, 41
List the prime factors of 456.
2, 3, 19
List the prime factors of 11215.
5, 2243
List the prime factors of 1371.
3, 457
List the prime factors of 8301.
3, 2767
List the prime factors of 15855.
3, 5, 7, 151
What are the prime factors of 36501?
3, 23
What are the prime factors of 6857?
6857
List the prime factors of 94547.
94547
List the prime factors of 21370.
2, 5, 2137
What are the prime factors of 2021?
43, 47
List the prime factors of 924.
2, 3, 7, 11
List the prime factors of 171570.
2, 3, 5, 7, 19, 43
List the prime factors of 146316.
2, 3, 89, 137
What are the prime factors of 1762?
2, 881
What are the prime factors of 6525?
3, 5, 29
What are the prime factors of 1142?
2, 571
What are the prime factors of 8777?
67, 131
What are the prime factors of 52375?
5, 419
List the prime factors of 23090.
2, 5, 2309
What are the prime factors of 1121?
19, 59
List the prime factors of 2247.
3, 7, 107
What are the prime factors of 45485?
5, 11, 827
L